11, 7395649
List the prime factors of 103949891.
29, 3584479
List the prime factors of 479706631.
389, 1233179
List the prime factors of 2764847859.
3, 1667, 552859
List the prime factors of 32858894.
2, 16429447
List the prime factors of 1803440724.
2, 3, 11633, 12919
What are the prime factors of 273262485?
3, 5, 89, 107, 1913
What are the prime factors of 1328318746?
2, 664159373
What are the prime factors of 1890015930?
2, 3, 5, 11, 212123
What are the prime factors of 2004110727?
3, 23, 29045083
What are the prime factors of 1828438078?
2, 103, 347, 25579
What are the prime factors of 1234879313?
1234879313
What are the prime factors of 555871309?
7, 79410187
What are the prime factors of 1582760971?
11, 19, 79, 257, 373
What are the prime factors of 584926743?
3, 61, 3196321
What are the prime factors of 1562279411?
7, 11, 571, 35533
What are the prime factors of 63833625?
3, 5, 23, 2467
What are the prime factors of 438121368?
2, 3, 89, 68371
What are the prime factors of 578254945?
5, 1051, 110039
List the prime factors of 148679533.
148679533
What are the prime factors of 123860760?
2, 3, 5, 971, 1063
What are the prime factors of 231462854?
2, 7, 17, 972533
List the prime factors of 484512725.
5, 179, 108271
What are the prime factors of 25345907?
929, 27283
What are the prime factors of 318452435?
5, 7, 2797, 3253
What are the prime factors of 1359643212?
2, 3, 12589289
What are the prime factors of 94365454?
2, 89, 530143
What are the prime factors of 66122861?
7, 23, 410701
List the prime factors of 26550858.
2, 3, 4425143
List the prime factors of 30733879.
11, 253999
What are the prime factors of 65669067?
3, 31, 53, 4441
What are the prime factors of 194569175?
5, 31, 251057
What are the prime factors of 37443682?
2, 18721841
List the prime factors of 488137869.
3, 54237541
List the prime factors of 725260881.
3, 241753627
What are the prime factors of 124665934?
2, 23, 197, 13757
What are the prime factors of 1327706950?
2, 5, 211, 317, 397
What are the prime factors of 929918032?
2, 58119877
What are the prime factors of 373635093?
3, 13, 9580387
List the prime factors of 200156621.
7, 19, 30713
What are the prime factors of 17428872?
2, 3, 179, 4057
What are the prime factors of 243630509?
243630509
List the prime factors of 303104901.
3, 11, 1283, 7159
What are the prime factors of 692594359?
692594359
List the prime factors of 1215140512.
2, 37973141
What are the prime factors of 1980538632?
2, 3, 257, 107033
What are the prime factors of 129942991?
129942991
List the prime factors of 14372555.
5, 2874511
What are the prime factors of 914135107?
914135107
What are the prime factors of 27327283?
27327283
What are the prime factors of 141333017?
7, 311, 64921
What are the prime factors of 341406882?
2, 3, 881, 21529
List the prime factors of 57245602.
2, 3823, 7487
What are the prime factors of 4493303038?
2, 7, 1039, 44129
List the prime factors of 220647530.
2, 5, 22064753
What are the prime factors of 611692766?
2, 29, 59, 178753
What are the prime factors of 53868094?
2, 7, 3847721
What are the prime factors of 1247980944?
2, 3, 7, 61, 60889
List the prime factors of 38639315.
5, 11, 13, 4157
List the prime factors of 2441410257.
3, 11, 13, 37, 4157
List the prime factors of 154410207.
3, 7, 19, 386993
List the prime factors of 303638827.
303638827
List the prime factors of 140443282.
2, 7, 523, 19181
List the prime factors of 688986418.
2, 647, 532447
List the prime factors of 25822743.
3, 41, 149, 1409
List the prime factors of 27713890.
2, 5, 2771389
List the prime factors of 1224092536.
2, 31, 449, 10993
What are the prime factors of 46265280?
2, 3, 5, 48193
What are the prime factors of 486408735?
3, 5, 29, 199, 1873
List the prime factors of 706424050.
2, 5, 29, 131, 3719
What are the prime factors of 228232480?
2, 5, 7, 17, 11987
What are the prime factors of 60636837?
3, 31, 43, 59, 257
List the prime factors of 425331884.
2, 349, 547, 557
What are the prime factors of 159208044?
2, 3, 13267337
What are the prime factors of 429549312?
2, 3, 53, 61, 173
What are the prime factors of 134300646?
2, 3, 17, 146297
What are the prime factors of 1173874045?
5, 234774809
What are the prime factors of 743281387?
19, 181, 216133
List the prime factors of 6532859521.
6532859521
List the prime factors of 631305248.
2, 7, 19, 37, 211
What are the prime factors of 16351118?
2, 7, 1167937
What are the prime factors of 261023891?
261023891
What are the prime factors of 2366582876?
2, 7, 2999, 28183
What are the prime factors of 91651284?
2, 3, 17, 49919
List the prime factors of 147421189.
79, 1866091
List the prime factors of 4917036128.
2, 947, 162257
List the prime factors of 104114281.
19, 1657, 3307
List the prime factors of 86474268.
2, 3, 103, 23321
List the prime factors of 120488081.
7, 17212583
List the prime factors of 285449215.
5, 547, 104369
What are the prime factors of 154219454?
2, 8171, 9437
List the prime factors of 308741142.
2, 3, 51456857
What are the prime factors of 32301838?
2, 89, 2039
What are the prime factors of 56065418?
2, 97, 288997
What are the prime factors of 332327041?
181, 1836061
What are the prime factors of 212934707?
17, 379, 33049
List the prime factors of 4100853561.
3, 7, 27896963
List the prime factors of 1512617475.
3, 5, 2837, 7109
What are the prime factors of 41127791?
41127791
What are the prime factors of 28850006?
2, 139, 157, 661
List the prime factors of 885742601.
6917, 128053
What are the prime factors of 5539134019?
5539134019
List the prime factors of 4456858531.
4456858531
List the prime factors of 1535067247.
7, 19, 1648837
List the prime factors of 447583003.
7, 9134347
What are the prime factors of 104810051?
3301, 31751
What are the prime factors of 108496786?
2, 191, 284023
What are the prime factors of 1240997218?
2, 929, 667921
List the prime factors of 695669700.
2, 3, 5, 11, 210809
What are the prime factors of 4534152788?
2, 11, 109, 197, 4799
What are the prime factors of 64750810?
2, 5, 67, 96643
List the prime factors of 1090437980.
2, 5, 643, 84793
List the prime factors of 2594306738.
2, 1103, 1176023
List the prime factors of 4064664536.
2, 508083067
What are the prime factors of 1250919?
3, 131, 1061
List the prime factors of 3412602204.
2, 3, 11, 37, 63521
What are the prime factors of 1399840575?
3, 5, 7, 380909
What are the prime factors of 47465044?
2, 11, 41, 83, 317
List the prime factors of 1899273923.
43, 73, 151, 4007
List the prime factors of 184740845.
5, 36948169
List the prime factors of 33664260.
2, 3, 5, 7, 80153
List the prime factors of 105299313.
3, 7, 23, 311, 701
What are the prime factors of 1574136374?
2, 787068187
What are the prime factors of 720676815?
3, 5, 1481, 32441
What are the prime factors of 4001879419?
4001879419
What are the prime factors of 360630585?
3, 5, 7, 73, 15683
List the prime factors of 510696589.
13, 39284353
List the prime factors of 184494712.
2, 19, 1213781
What are the prime factors of 1339994183?
11, 37, 3292369
List the prime factors of 425139632.
2, 26571227
What are the prime factors of 1363107854?
2, 681553927
List the prime factors of 5062230853.
139, 163, 223429
What are the prime factors of 58016?
2, 7, 37
What are the prime factors of 768191977?
7, 59, 1187, 1567
List the prime factors of 1892317152.
2, 3, 11, 1791967
What are the prime factors of 357066059?
7, 51009437
List the prime factors of 10262557.
10262557
List the prime factors of 90033962.
2, 53, 191, 4447
List the prime factors of 608787948.
2, 3, 50732329
What are the prime factors of 2697219861?
3, 7, 1657, 77513
List the prime factors of 27768195.
3, 5, 7, 13, 6781
What are the prime factors of 1983381139?
19, 104388481
What are the prime factors of 61161416?
2, 23, 332399
List the prime factors of 111889327.
11, 131, 77647
What are the prime factors of 227391982?
2, 113695991
What are the prime factors of 888919397?
29, 30652393
What are the prime factors of 6715678121?
6715678121
List the prime factors of 867260723.
7, 37, 3348497
List the prime factors of 1426994485.
5, 7, 337, 359
What are the prime factors of 50183295?
3, 5, 269, 12437
What are the prime factors of 239397279?
3, 11, 59, 122957
List the prime factors of 439